10 - 7) + -6).
-9
What is the value of (3 - 0) + (-2 - 3)?
-2
Evaluate -74 - -73 - (0 - -5).
-6
What is -2 + (-3 - -11) + -1?
5
What is -6 + (4 + -2 - (-1 - -1))?
-4
What is the value of (2 - 4 - -4) + -10 + 11?
3
What is the value of (2 + -1 - 7) + 43 + -38?
-1
Calculate (6 - 4 - 4) + -1.
-3
What is -1 - (1 - (5 + 1) - -7)?
-3
What is the value of -5 - -8 - (0 - 0)?
3
What is the value of (7 - 11) + -2 - (-2 + 2)?
-6
What is the value of 4 - -2 - 5 - 5?
-4
Calculate (0 - 7) + (-9 - -7) + 1.
-8
Calculate 4 + 3 - (3 + 11).
-7
16 + -9 + (1 - 0) - 4
4
What is -2 + 7 + -6 - (0 + -2)?
1
-1 + -7 + -5 + 9
-4
What is 0 + -4 - -2 - -2 - 3?
-3
13 - 0 - (28 - 29 - -6)
8
2 + -1 + -7 + 5
-1
What is 5 + -2 + (-8 - (-4 - -1))?
-2
3 - -9 - (6 - 0) - 3
3
What is the value of 3 - (-1 - (-3 + 5 - 1))?
5
Evaluate (-2 - -5) + (-17 - -11) + 0.
-3
4 - (15 + -7 + -10)
6
3 + (1 - 1 - -2)
5
What is -5 - (22 + -18 + -10 + 0)?
1
Evaluate (5 - -3 - -1) + -5.
4
What is the value of 8 + (4 - 3) + -2?
7
What is the value of (-5 - (-9 + 12)) + 16?
8
1 + (5 + -5 - (-4 + 1))
4
Evaluate 1 + 10 - (21 - 17).
7
Calculate 10 + (-16 - (-10 + 0)).
4
Evaluate -2 + 0 + (2 - -8).
8
Evaluate -12 + 2 - (110 - 113).
-7
What is the value of -6 + 1 + (42 - 37)?
0
-7 + 11 + 1 - 0
5
Calculate 3 - 5 - -2 - -6.
6
Calculate (1 - 1) + -1 - (-21 - -17).
3
Evaluate 0 + (1 - (0 + (5 - 8))).
4
What is the value of -13 + 1 + 8 + 3?
-1
What is -3 + 3 + (0 - 2) + 4?
2
Calculate (6 - 11) + 6 - 4.
-3
Calculate 0 + (6 - (0 + 3)).
3
Calculate -5 + (4 - (-2 + 1)) + 4.
4
What is the value of -4 + (1 - (-4 + 11 + -5))?
-5
Evaluate 3 - (2 - 3) - (4 + -2).
2
-5 - 1 - (6 - 8)
-4
What is (4 - (4 - -1)) + -2?
-3
(-25 - -31) + (1 + -2 - -1)
6
What is the value of (-8 - (-3 + (-1 - -1))) + 1?
-4
Evaluate (-4 - -7 - 6) + -4 - -7.
0
What is -103 + 112 + 2 + -8?
3
Evaluate -3 + 18 + -8 + -9.
-2
2 - (-11 + 6 - -7)
0
Evaluate -4 + (-2 - -3 - (-11 + 8)).
0
What is the value of -4 + (-5 - -10) - 0?
1
Calculate 5 + (5 - 8 - 5).
-3
(1 - (-4 + 1)) + -1
3
Calculate 0 - 2 - (5 + -3).
-4
-6 + (-6 - (-7 + 0))
-5
What is the value of 2 - (-4 - -12 - 5) - 4?
-5
Evaluate 1 + -3 - (-13 + 17).
-6
Calculate -7 - (-1 + (-12 - -6)).
0
Evaluate (-8 + 19 - 9) + -1.
1
Calculate 7 - (-6 - (-6 + -1 + -4)).
2
Evaluate (-5 - -10) + 0 + -14.
-9
Calculate 4 + -3 + 0 + -2 - -1.
0
What is -1 + (3 - (5 - 1)) - -7?
5
What is the value of (-5 - -4) + 4 + 0?
3
-5 + 3 + -3 + (2 - -3)
0
What is 0 + (8 + -4 + -10 - 0)?
-6
Calculate (-15 - -14) + 1 + -2.
-2
Evaluate (-1 + -3 - -3) + 2 + 4.
5
What is the value of 0 + (3 - 1) - 3?
-1
Evaluate (0 - -1) + -2 + 8 + 1.
8
11 + -28 - (0 - 12)
-5
What is -4 - ((2 - 4) + 8 + -7)?
-3
Evaluate 8 - (2 + -6 - -11).
1
What is the value of -1 + 6 - (-10 - -9)?
6
What is the value of -8 + 6 - (-2 + 4 + 0)?
-4
Evaluate -1 - -1 - (-4 + 1).
3
What is (0 + -5 - -1) + 0 + 0?
-4
-1 + -2 + 5 + -5 + -1
-4
-3 + 1 + (1 - (-9 - -7))
1
What is the value of -6 - 2 - (28 - 47)?
11
What is 3 + (-4 + 0 - -5) + -7?
-3
-1 + 22 + (61 - 68) + -5
9
5 + -9 + (-4 - -6)
-2
What is 6 - (1 - (4 + 3) - -4)?
8
2 + 10 - (-15 - -21) - 4
2
What is 3 + (-3 - 2) - (0 - 3)?
1
Evaluate (2 + 6 - 1) + 13 + -9.
11
What is 3 - (0 - (-3 - -4) - -2)?
2
What is (-1 - -7 - 2) + 61 + -60?
5
-5 - -2 - (-5 - -4)
-2
Evaluate -1 - (3 + -1 - -3).
-6
Calculate 5 + -4 - (3 + -5).
3
-2 + 6 + 2 + 0 + -3
3
Evaluate 7 - ((33 - 13) + -4).
-9
0 + 3 + 65 + -62 + -1
5
What is 5 - -1 - (1 + 3)?
2
Evaluate 1 + 0 + -1 + -2 + 2.
0
0 + 1 + 2 + (3 - 5)
1
Calculate (-3 - -15 - 3) + -8.
1
Calculate -7 - (-1 + (0 - (1 + 2))).
-3
What is (-7 - -1) + 6 - 5?
-5
Evaluate 3 + -3 + 6 + -6.
0
Calculate 2 - 6 - (12 + -20).
4
What is -1 - 1 - (-7 + -5 + 9)?
1
What is the value of 4 + -3 - 0 - 3 - -1?
-1
Evaluate -4 + (7 - -3) + -6.
0
What is (-1 - 4 - (28 + -27)) + 8?
2
Calculate (7 - 2) + -13 - -8.
0
Evaluate 3 + 4 + -6 + 1 + -6.
-4
What is the value of 0 + 7 - 13 - (-1 + 0)?
-5
What is (-67 - -69) + (-4 - -2 - 0)?
0
Calculate 1 + -3 + -9 + 8.
-3
What is the value of -4 - (-1 + (0 - 3))?
0
What is (-2 - (-8 - 0)) + -3?
3
Calculate (3 - (-5 - -3 - -2)) + -8.
-5
What is (-7 - -2 - -5) + 1?
1
Evaluate (-1 - -2) + (5 - -6) + -7.
5
What is the value of 14 - ((9 - -1) + 0)?
4
Calculate (0 - -9) + (-3 - 1).
5
-4 + -2 + 3 + 29 + -26
0
What is (-9 - -13) + -5 + 2?
1
What is -7 + 9 - ((1 - 1) + 4)?
-2
-2 - (0 - 4) - (-2 - 1)
5
What is the value of 3 - (-6 - -4 - -6) - 1?
-2
What is 0 - -3 - (2 + -4)?
5
14 - 5 - 4 - (7 - 7)
5
Calculate (25 - 26) + (-4 - -1) + -1.
-5
Calculate 4 - (-4 - 0) - (5 + -2).
5
What is the value of 4 + (-3 - (-7 + 6) - 5)?
-3
What is (3 - 2) + (8 - 6) + -6?
-3
What is the value of (4 - 3) + -3 + -1 - -1?
-2
What is the value of -3 - (-3 + (-4 - -3))?
1
Evaluate 1 + 5 + -5 - (0 + 1).
0
Evaluate 0 - (6 + -6 - -1) - 1.
-2
What is -7 - -4 - (-7 - -2)?
2
What is -10 + 6 + (5 - 2)?
-1
Evaluate -4 + (0 + 2 - (3 + -1)).
-4
Calculate -10 + 11 - (3 + -3).
1
Calculate (-3 + 7 - 11) + 3.
-4
Calculate 5 + (3 - (-3 - (-8 + 5))).
8
What is 1 + 2 + -2 - 4?
-3
Calculate -8 + 6 + (3 - (0 - -1)).
0
(0 - -7) + (-11 - -10)
6
-7 - (-5 + 6 + (-11 - -5))
-2
(17 - 28) + 7 + (0 - -5)
1
What is -391 + 395 - (-3 - (1 - 1))?
7
Evaluate -2 - (-2 + -3 + -3 + 7).
-1
What is 1 + -3 - (3 - 7 - -3)?
-1
(-10 - -16) + (-1 - 2) - 4
-1
(-1 - 5 - -10) + -1 + 1
4
What is the value of 9 + -10 - (3 + 1)?
-5
0 - (0 + -3) - (-3 + 6)
0
Evaluate (-6 + 4 - 0) + 3.
1
Calculate 0 - ((9 - 7) + 0) - -10.
8
2 + -6 + 8 - (1 - -6)
-3
What is 1 - (-2 - (-4 - 3)) - 5?
-9
Evaluate -4 + 10 + 4 + -9 - 7.
-6
Evaluate 6 + -5 + 1 + 2 - 4.
0
What is the value of 3 - 8 - -1 - (-14 - -11)?
-1
Calculate (-10 - -11) + (4 - -1).
6
Calculate -19 - -12 - (-2 + -10).
5
Calculate (-1 + 3 - (-1 + 6)) + 0.
-3
What is 3 - (-4 + 0 - (-1 + -11))?
-5
What is 8 + -12 + -3 + 5?
-2
What is the value of (-7 - -14) + (0 - 10)?
-3
Calculate -1 + -2 + 2 + -1 - 0.
-2
-2 - (1 - (1 - (-4 - -5)))
-3
Calculate (6 - -3) + -8 + 0 + 0.
1
Calculate -2 + 0 + 8 + (-29 - -26).
3
What is the value of (3 + -1 - 4) + (-2 - 1)?
-5
-3 - (-7 + -8 + 15)
-3
What is the value of -13 + 4 - -7 - -3?
1
What is the value of -4 + (5 - (9 + -12))?
4
Calculate (-3 - -5 - 6) + (1 - -1).
-2
1 - 7 - (0 - 2)
-4
What is the value of -1 - (2 - (-3 - -1))?
-5
Evaluate -3 + 2 + (1 - -5) + -2.
3
What is 0 + -2 + 1 + -1 + 1?
-1
Calculate -5 + 1 + 57 + -51.
2
Evaluate -8 - (-10 + (-9 - -14)).
-3
What is the value of -1 + 8 + -3 + 2 + -2?
4
Calculate 0 - (0 + (-2 - -1) - -6).
-5
Calculate 2 + (2 - (3 + -1)).
2
-1 + 9 - ((24 - 43) + 19)
8
Calculate 2 + (-6 - -3 - (0 + 0)).
-1
Evaluate (6 - 9) + 2 + 0 + -1.
-2
Evaluate -4 - (2 + -12 + (-8 - -11)).
3
What is 17 - 9 - (0 + 4)?
4
Calculate (4 - 1 - 5) + 8.
6
Calculate 2 - (-3 + (8 - 4)) - -1.
2
What is -6 + (-4 - (-6 + -4))?
0
What is the value of (-6 - -2) + 5 + -10?
-9
Calculate (67 - 72) + (0 - (0 - 8)).
3
1 - (6 + -2 + 1)
-4
What is (3 - -1) + -1 + 1?
4
Evaluate -8 + (0 - 6) + 20.
6
Calculate 6 + 2 + -6 + 4 + -4.
2
Calculate -8 - (-15 + (4 - -3)).
0
What is the value of -6 + 5 - (-7 + 3)?
3
Calculate (6 + -8 - -7 - 2) + -11.
-8
(12 - (6 - -4)) + (1 - 1)
2
Evaluate 8 - (19 + (13 - 16)).
-8
Evaluate (-1 - -1) + -2 + 0 - -2.
0
Evaluate 9 + (7 - (-5 - -25)) + 7.
3
Evaluate -7 - -2 - (-14 + (2 - 3)).
10
What is the value of -6 + 0 + 8 + -2?
0
What is -3 - (-7 + 2) - 3?
-1
Evaluate 0 + 2 + (-2 - 1) + -2.
-3
What is -3 + -2 + 71 + -56?
10
What is -2 - (-8 + (8 - -4))?
-6
Calculate -3 - 0 - (-12 - (-3 - 4)).
2
Calculate 3 - ((2 - 2) + -2).
5
Calculate (-1 - 4) + (-10 - -17) + -8.
-6
Evaluate 6 + -14 + 4 + (3 - -1).
0
Calculate (-1 - (-2 + 0 + -3)) + 0.
4
Calculate -3 + 12 + 6 + -14 + -5.
-4
-5 + 1 + 3 + -3
-4
What is -4 - -1 - (3 - (-1 + 2))?
-5
Calculate -7 + 2 - (-3 - 4).
2
What is -2 - (-6 + 3 + 3 + 3)?
-5
Calculate 6 + (-7 - 5) + 1 + -5.
-10
Calculate 1 + -2 - (-2 - -5).
-4
Evaluate -8 + (12 - (5 - (-8 - -14))).
5
What is the value of (7 + 8 - 26) + (8 - 0)?
-3
-5 - (2 + -12 + 3)
2
Calculate (0 - -2 - (2 - 1)) + 3.
4
What is the value of 6 + -2 + -5 + (-1 - 3)?
-5
Evaluate 2 - ((4 - (3 + 0)) + 5).
-4
Evaluate (5 - 7) + 3 - 4.
-3
Calculate (5 - 1) + 2 + -2.
4
Evaluate 5 + (3 - 6) + -5 + -2.
-5
Evaluate -5 - (-2 + 2 + -9 - 1).
5
What is the value of 15 + -15 + 6